{"id":586,"date":"2025-08-29T13:44:07","date_gmt":"2025-08-29T13:44:07","guid":{"rendered":"https:\/\/fefig.org.br\/culturando\/?page_id=586"},"modified":"2025-10-10T16:20:28","modified_gmt":"2025-10-10T16:20:28","slug":"blog","status":"publish","type":"page","link":"https:\/\/fefig.org.br\/culturando\/blog\/","title":{"rendered":"Blog"},"content":{"rendered":"\t\t<div data-elementor-type=\"wp-page\" data-elementor-id=\"586\" class=\"elementor elementor-586\" data-elementor-post-type=\"page\">\n\t\t\t\t<div class=\"elementor-element elementor-element-714eb525 e-flex e-con-boxed e-con e-parent\" data-id=\"714eb525\" data-element_type=\"container\" data-settings=\"{&quot;background_background&quot;:&quot;video&quot;,&quot;background_play_on_mobile&quot;:&quot;yes&quot;,&quot;background_privacy_mode&quot;:&quot;yes&quot;,&quot;jet_parallax_layout_list&quot;:[]}\">\n\t\t\t\t\t<div class=\"e-con-inner\">\n\t\t\t\t<div class=\"elementor-element elementor-element-47205b83 elementor-widget elementor-widget-heading\" data-id=\"47205b83\" data-element_type=\"widget\" data-widget_type=\"heading.default\">\n\t\t\t\t\t<h1 class=\"elementor-heading-title elementor-size-default\">Blog<\/h1>\t\t\t\t<\/div>\n\t\t\t\t\t<\/div>\n\t\t\t\t<\/div>\n\t\t\t\t<section class=\"elementor-section elementor-top-section elementor-element elementor-element-5089add elementor-section-boxed elementor-section-height-default elementor-section-height-default\" data-id=\"5089add\" data-element_type=\"section\" data-settings=\"{&quot;jet_parallax_layout_list&quot;:[]}\">\n\t\t\t\t\t\t<div class=\"elementor-container elementor-column-gap-default\">\n\t\t\t\t\t<div class=\"elementor-column elementor-col-100 elementor-top-column elementor-element elementor-element-2c3d98d4\" data-id=\"2c3d98d4\" data-element_type=\"column\">\n\t\t\t<div class=\"elementor-widget-wrap elementor-element-populated\">\n\t\t\t\t\t\t<div class=\"elementor-element elementor-element-bf63bee elementor-widget elementor-widget-text-editor\" data-id=\"bf63bee\" data-element_type=\"widget\" data-widget_type=\"text-editor.default\">\n\t\t\t\t\t\t\t\t\t<p>O Instituto Fefig \u00e9 uma organiza\u00e7\u00e3o da sociedade civil comprometida com a promo\u00e7\u00e3o da educa\u00e7\u00e3o p\u00fablica de qualidade no Brasil. Atuamos em diferentes frentes com um prop\u00f3sito claro: garantir que cada crian\u00e7a tenha acesso ao conhecimento, \u00e0 leitura e \u00e0s oportunidades que s\u00f3 a educa\u00e7\u00e3o pode oferecer.<\/p><p>Nosso trabalho une t\u00e9cnica, afeto e responsabilidade social. Apoiamos e implementamos projetos que fortalecem redes de ensino, valorizam os educadores e ampliam as oportunidades de aprendizagem para crian\u00e7as em contextos diversos.<\/p><p>\u00a0<\/p>\t\t\t\t\t\t\t\t<\/div>\n\t\t\t\t<div class=\"elementor-element elementor-element-61c1fde elementor-grid-3 elementor-grid-tablet-2 elementor-grid-mobile-1 elementor-posts--thumbnail-top elementor-card-shadow-yes elementor-posts__hover-gradient elementor-widget elementor-widget-posts\" data-id=\"61c1fde\" data-element_type=\"widget\" data-settings=\"{&quot;cards_columns&quot;:&quot;3&quot;,&quot;cards_columns_tablet&quot;:&quot;2&quot;,&quot;cards_columns_mobile&quot;:&quot;1&quot;,&quot;cards_row_gap&quot;:{&quot;unit&quot;:&quot;px&quot;,&quot;size&quot;:35,&quot;sizes&quot;:[]},&quot;cards_row_gap_tablet&quot;:{&quot;unit&quot;:&quot;px&quot;,&quot;size&quot;:&quot;&quot;,&quot;sizes&quot;:[]},&quot;cards_row_gap_mobile&quot;:{&quot;unit&quot;:&quot;px&quot;,&quot;size&quot;:&quot;&quot;,&quot;sizes&quot;:[]}}\" data-widget_type=\"posts.cards\">\n\t\t\t\t<div class=\"elementor-widget-container\">\n\t\t\t\t\t\t\t<div class=\"elementor-posts-container elementor-posts elementor-posts--skin-cards elementor-grid\" role=\"list\">\n\t\t\t\t<article class=\"elementor-post elementor-grid-item post-593 post type-post status-publish format-standard has-post-thumbnail hentry category-educacao\" role=\"listitem\">\n\t\t\t<div class=\"elementor-post__card\">\n\t\t\t\t<a class=\"elementor-post__thumbnail__link\" href=\"https:\/\/fefig.org.br\/culturando\/2025\/08\/29\/importancia-da-educacao-para-as-criancas\/\" tabindex=\"-1\" ><div class=\"elementor-post__thumbnail\"><img fetchpriority=\"high\" decoding=\"async\" width=\"300\" height=\"200\" src=\"https:\/\/fefig.org.br\/culturando\/wp-content\/uploads\/2025\/08\/criancas-estudando-300x200.jpg\" class=\"attachment-medium size-medium wp-image-594\" alt=\"\" srcset=\"https:\/\/fefig.org.br\/culturando\/wp-content\/uploads\/2025\/08\/criancas-estudando-300x200.jpg 300w, https:\/\/fefig.org.br\/culturando\/wp-content\/uploads\/2025\/08\/criancas-estudando-1024x682.jpg 1024w, https:\/\/fefig.org.br\/culturando\/wp-content\/uploads\/2025\/08\/criancas-estudando-768x512.jpg 768w, https:\/\/fefig.org.br\/culturando\/wp-content\/uploads\/2025\/08\/criancas-estudando.jpg 1280w\" sizes=\"(max-width: 300px) 100vw, 300px\" \/><\/div><\/a>\n\t\t\t\t<div class=\"elementor-post__text\">\n\t\t\t\t<h3 class=\"elementor-post__title\">\n\t\t\t<a href=\"https:\/\/fefig.org.br\/culturando\/2025\/08\/29\/importancia-da-educacao-para-as-criancas\/\" >\n\t\t\t\tImport\u00e2ncia da Educa\u00e7\u00e3o para as Crian\u00e7as: Entenda como funciona\t\t\t<\/a>\n\t\t<\/h3>\n\t\t\t\t<\/div>\n\t\t\t\t\t<\/div>\n\t\t<\/article>\n\t\t\t\t<\/div>\n\t\t\n\t\t\t\t\t\t<\/div>\n\t\t\t\t<\/div>\n\t\t\t\t\t<\/div>\n\t\t<\/div>\n\t\t\t\t\t<\/div>\n\t\t<\/section>\n\t\t\t\t<section class=\"elementor-section elementor-top-section elementor-element elementor-element-7fed1e94 elementor-section-boxed elementor-section-height-default elementor-section-height-default\" data-id=\"7fed1e94\" data-element_type=\"section\" data-settings=\"{&quot;jet_parallax_layout_list&quot;:[]}\">\n\t\t\t\t\t\t<div class=\"elementor-container elementor-column-gap-default\">\n\t\t\t\t\t<div class=\"elementor-column elementor-col-33 elementor-top-column elementor-element elementor-element-408faa22\" data-id=\"408faa22\" data-element_type=\"column\">\n\t\t\t<div class=\"elementor-widget-wrap elementor-element-populated\">\n\t\t\t\t\t\t<div class=\"elementor-element elementor-element-64dabc4c elementor-widget elementor-widget-heading\" data-id=\"64dabc4c\" data-element_type=\"widget\" data-widget_type=\"heading.default\">\n\t\t\t\t\t<h2 class=\"elementor-heading-title elementor-size-default\">Junte-se ao Instituto FEFIG! <\/h2>\t\t\t\t<\/div>\n\t\t\t\t<div class=\"elementor-element elementor-element-6b9c2633 elementor-widget elementor-widget-text-editor\" data-id=\"6b9c2633\" data-element_type=\"widget\" data-widget_type=\"text-editor.default\">\n\t\t\t\t\t\t\t\t\tSeja parte dessa jornada para promover os Objetivos de Desenvolvimento Sustent\u00e1vel da ONU e ajude a construir um mundo melhor para todos.\t\t\t\t\t\t\t\t<\/div>\n\t\t\t\t<div class=\"elementor-element elementor-element-24008c75 elementor-align-left elementor-widget elementor-widget-button\" data-id=\"24008c75\" data-element_type=\"widget\" data-widget_type=\"button.default\">\n\t\t\t\t\t\t\t\t\t\t<a class=\"elementor-button elementor-button-link elementor-size-sm elementor-animation-grow\" href=\"#\">\n\t\t\t\t\t\t<span class=\"elementor-button-content-wrapper\">\n\t\t\t\t\t\t\t\t\t<span class=\"elementor-button-text\">Saiba mais<\/span>\n\t\t\t\t\t<\/span>\n\t\t\t\t\t<\/a>\n\t\t\t\t\t\t\t\t<\/div>\n\t\t\t\t\t<\/div>\n\t\t<\/div>\n\t\t\t\t<div class=\"elementor-column elementor-col-33 elementor-top-column elementor-element elementor-element-79b63c51\" data-id=\"79b63c51\" data-element_type=\"column\">\n\t\t\t<div class=\"elementor-widget-wrap\">\n\t\t\t\t\t\t\t<\/div>\n\t\t<\/div>\n\t\t\t\t<div class=\"elementor-column elementor-col-33 elementor-top-column elementor-element elementor-element-5ef7ba2a\" data-id=\"5ef7ba2a\" data-element_type=\"column\">\n\t\t\t<div class=\"elementor-widget-wrap elementor-element-populated\">\n\t\t\t\t\t\t<div class=\"elementor-element elementor-element-7c0f0164 elementor-widget elementor-widget-image\" data-id=\"7c0f0164\" data-element_type=\"widget\" data-widget_type=\"image.default\">\n\t\t\t\t\t\t\t\t\t\t\t\t\t\t\t<img decoding=\"async\" width=\"768\" height=\"1\" src=\"https:\/\/fefig.org.br\/culturando\/wp-content\/uploads\/2025\/07\/Mandala_fefig_Verde_RGB.svg\" class=\"attachment-medium_large size-medium_large wp-image-188\" alt=\"\" \/>\t\t\t\t\t\t\t\t\t\t\t\t\t\t\t<\/div>\n\t\t\t\t\t<\/div>\n\t\t<\/div>\n\t\t\t\t\t<\/div>\n\t\t<\/section>\n\t\t\t\t<\/div>\n\t\t","protected":false},"excerpt":{"rendered":"<p>Blog O Instituto Fefig \u00e9 uma organiza\u00e7\u00e3o da sociedade civil comprometida com a promo\u00e7\u00e3o da educa\u00e7\u00e3o p\u00fablica de qualidade no Brasil. Atuamos em diferentes frentes<\/p>\n","protected":false},"author":1,"featured_media":0,"parent":0,"menu_order":0,"comment_status":"closed","ping_status":"closed","template":"elementor_header_footer","meta":{"inline_featured_image":false,"_joinchat":[],"footnotes":""},"class_list":["post-586","page","type-page","status-publish","hentry"],"yoast_head":"<!-- This site is optimized with the Yoast SEO plugin v26.1.1 - https:\/\/yoast.com\/wordpress\/plugins\/seo\/ -->\n<title>Blog - Fefig Culturando a Alfabetiza\u00e7\u00e3o<\/title>\n<meta name=\"description\" content=\"Saiba mais sobre o projeto e conhe\u00e7a as \u00faltimas novidades. Saiba as a\u00e7\u00f5es do projeto e muito mais em nosso blog.\" \/>\n<meta name=\"robots\" content=\"index, follow, max-snippet:-1, max-image-preview:large, max-video-preview:-1\" \/>\n<link rel=\"canonical\" href=\"https:\/\/fefig.org.br\/culturando\/blog\/\" \/>\n<meta property=\"og:locale\" content=\"pt_BR\" \/>\n<meta property=\"og:type\" content=\"article\" \/>\n<meta property=\"og:title\" content=\"Blog - Fefig Culturando a Alfabetiza\u00e7\u00e3o\" \/>\n<meta property=\"og:description\" content=\"Saiba mais sobre o projeto e conhe\u00e7a as \u00faltimas novidades. Saiba as a\u00e7\u00f5es do projeto e muito mais em nosso blog.\" \/>\n<meta property=\"og:url\" content=\"https:\/\/fefig.org.br\/culturando\/blog\/\" \/>\n<meta property=\"og:site_name\" content=\"Fefig Culturando a Alfabetiza\u00e7\u00e3o\" \/>\n<meta property=\"article:modified_time\" content=\"2025-10-10T16:20:28+00:00\" \/>\n<meta property=\"og:image\" content=\"https:\/\/fefig.org.br\/culturando\/wp-content\/uploads\/2025\/07\/Mandala_fefig_Verde_RGB.svg\" \/>\n<meta name=\"twitter:card\" content=\"summary_large_image\" \/>\n<meta name=\"twitter:label1\" content=\"Est. tempo de leitura\" \/>\n\t<meta name=\"twitter:data1\" content=\"1 minuto\" \/>\n<script type=\"application\/ld+json\" class=\"yoast-schema-graph\">{\"@context\":\"https:\/\/schema.org\",\"@graph\":[{\"@type\":\"WebPage\",\"@id\":\"https:\/\/fefig.org.br\/culturando\/blog\/\",\"url\":\"https:\/\/fefig.org.br\/culturando\/blog\/\",\"name\":\"Blog - Fefig Culturando a Alfabetiza\u00e7\u00e3o\",\"isPartOf\":{\"@id\":\"https:\/\/fefig.org.br\/culturando\/#website\"},\"primaryImageOfPage\":{\"@id\":\"https:\/\/fefig.org.br\/culturando\/blog\/#primaryimage\"},\"image\":{\"@id\":\"https:\/\/fefig.org.br\/culturando\/blog\/#primaryimage\"},\"thumbnailUrl\":\"https:\/\/fefig.org.br\/culturando\/wp-content\/uploads\/2025\/07\/Mandala_fefig_Verde_RGB.svg\",\"datePublished\":\"2025-08-29T13:44:07+00:00\",\"dateModified\":\"2025-10-10T16:20:28+00:00\",\"description\":\"Saiba mais sobre o projeto e conhe\u00e7a as \u00faltimas novidades. Saiba as a\u00e7\u00f5es do projeto e muito mais em nosso blog.\",\"breadcrumb\":{\"@id\":\"https:\/\/fefig.org.br\/culturando\/blog\/#breadcrumb\"},\"inLanguage\":\"pt-BR\",\"potentialAction\":[{\"@type\":\"ReadAction\",\"target\":[\"https:\/\/fefig.org.br\/culturando\/blog\/\"]}]},{\"@type\":\"ImageObject\",\"inLanguage\":\"pt-BR\",\"@id\":\"https:\/\/fefig.org.br\/culturando\/blog\/#primaryimage\",\"url\":\"https:\/\/fefig.org.br\/culturando\/wp-content\/uploads\/2025\/07\/Mandala_fefig_Verde_RGB.svg\",\"contentUrl\":\"https:\/\/fefig.org.br\/culturando\/wp-content\/uploads\/2025\/07\/Mandala_fefig_Verde_RGB.svg\",\"width\":1000,\"height\":950},{\"@type\":\"BreadcrumbList\",\"@id\":\"https:\/\/fefig.org.br\/culturando\/blog\/#breadcrumb\",\"itemListElement\":[{\"@type\":\"ListItem\",\"position\":1,\"name\":\"In\u00edcio\",\"item\":\"https:\/\/fefig.org.br\/culturando\/\"},{\"@type\":\"ListItem\",\"position\":2,\"name\":\"Blog\"}]},{\"@type\":\"WebSite\",\"@id\":\"https:\/\/fefig.org.br\/culturando\/#website\",\"url\":\"https:\/\/fefig.org.br\/culturando\/\",\"name\":\"Fefig Culturando a Alfabetiza\u00e7\u00e3o\",\"description\":\"Para fazer a educa\u00e7\u00e3o acontecer\",\"potentialAction\":[{\"@type\":\"SearchAction\",\"target\":{\"@type\":\"EntryPoint\",\"urlTemplate\":\"https:\/\/fefig.org.br\/culturando\/?s={search_term_string}\"},\"query-input\":{\"@type\":\"PropertyValueSpecification\",\"valueRequired\":true,\"valueName\":\"search_term_string\"}}],\"inLanguage\":\"pt-BR\"}]}<\/script>\n<!-- \/ Yoast SEO plugin. -->","yoast_head_json":{"title":"Blog - Fefig Culturando a Alfabetiza\u00e7\u00e3o","description":"Saiba mais sobre o projeto e conhe\u00e7a as \u00faltimas novidades. Saiba as a\u00e7\u00f5es do projeto e muito mais em nosso blog.","robots":{"index":"index","follow":"follow","max-snippet":"max-snippet:-1","max-image-preview":"max-image-preview:large","max-video-preview":"max-video-preview:-1"},"canonical":"https:\/\/fefig.org.br\/culturando\/blog\/","og_locale":"pt_BR","og_type":"article","og_title":"Blog - Fefig Culturando a Alfabetiza\u00e7\u00e3o","og_description":"Saiba mais sobre o projeto e conhe\u00e7a as \u00faltimas novidades. Saiba as a\u00e7\u00f5es do projeto e muito mais em nosso blog.","og_url":"https:\/\/fefig.org.br\/culturando\/blog\/","og_site_name":"Fefig Culturando a Alfabetiza\u00e7\u00e3o","article_modified_time":"2025-10-10T16:20:28+00:00","og_image":[{"url":"https:\/\/fefig.org.br\/culturando\/wp-content\/uploads\/2025\/07\/Mandala_fefig_Verde_RGB.svg","type":"","width":"","height":""}],"twitter_card":"summary_large_image","twitter_misc":{"Est. tempo de leitura":"1 minuto"},"schema":{"@context":"https:\/\/schema.org","@graph":[{"@type":"WebPage","@id":"https:\/\/fefig.org.br\/culturando\/blog\/","url":"https:\/\/fefig.org.br\/culturando\/blog\/","name":"Blog - Fefig Culturando a Alfabetiza\u00e7\u00e3o","isPartOf":{"@id":"https:\/\/fefig.org.br\/culturando\/#website"},"primaryImageOfPage":{"@id":"https:\/\/fefig.org.br\/culturando\/blog\/#primaryimage"},"image":{"@id":"https:\/\/fefig.org.br\/culturando\/blog\/#primaryimage"},"thumbnailUrl":"https:\/\/fefig.org.br\/culturando\/wp-content\/uploads\/2025\/07\/Mandala_fefig_Verde_RGB.svg","datePublished":"2025-08-29T13:44:07+00:00","dateModified":"2025-10-10T16:20:28+00:00","description":"Saiba mais sobre o projeto e conhe\u00e7a as \u00faltimas novidades. Saiba as a\u00e7\u00f5es do projeto e muito mais em nosso blog.","breadcrumb":{"@id":"https:\/\/fefig.org.br\/culturando\/blog\/#breadcrumb"},"inLanguage":"pt-BR","potentialAction":[{"@type":"ReadAction","target":["https:\/\/fefig.org.br\/culturando\/blog\/"]}]},{"@type":"ImageObject","inLanguage":"pt-BR","@id":"https:\/\/fefig.org.br\/culturando\/blog\/#primaryimage","url":"https:\/\/fefig.org.br\/culturando\/wp-content\/uploads\/2025\/07\/Mandala_fefig_Verde_RGB.svg","contentUrl":"https:\/\/fefig.org.br\/culturando\/wp-content\/uploads\/2025\/07\/Mandala_fefig_Verde_RGB.svg","width":1000,"height":950},{"@type":"BreadcrumbList","@id":"https:\/\/fefig.org.br\/culturando\/blog\/#breadcrumb","itemListElement":[{"@type":"ListItem","position":1,"name":"In\u00edcio","item":"https:\/\/fefig.org.br\/culturando\/"},{"@type":"ListItem","position":2,"name":"Blog"}]},{"@type":"WebSite","@id":"https:\/\/fefig.org.br\/culturando\/#website","url":"https:\/\/fefig.org.br\/culturando\/","name":"Fefig Culturando a Alfabetiza\u00e7\u00e3o","description":"Para fazer a educa\u00e7\u00e3o acontecer","potentialAction":[{"@type":"SearchAction","target":{"@type":"EntryPoint","urlTemplate":"https:\/\/fefig.org.br\/culturando\/?s={search_term_string}"},"query-input":{"@type":"PropertyValueSpecification","valueRequired":true,"valueName":"search_term_string"}}],"inLanguage":"pt-BR"}]}},"_links":{"self":[{"href":"https:\/\/fefig.org.br\/culturando\/wp-json\/wp\/v2\/pages\/586","targetHints":{"allow":["GET"]}}],"collection":[{"href":"https:\/\/fefig.org.br\/culturando\/wp-json\/wp\/v2\/pages"}],"about":[{"href":"https:\/\/fefig.org.br\/culturando\/wp-json\/wp\/v2\/types\/page"}],"author":[{"embeddable":true,"href":"https:\/\/fefig.org.br\/culturando\/wp-json\/wp\/v2\/users\/1"}],"replies":[{"embeddable":true,"href":"https:\/\/fefig.org.br\/culturando\/wp-json\/wp\/v2\/comments?post=586"}],"version-history":[{"count":7,"href":"https:\/\/fefig.org.br\/culturando\/wp-json\/wp\/v2\/pages\/586\/revisions"}],"predecessor-version":[{"id":602,"href":"https:\/\/fefig.org.br\/culturando\/wp-json\/wp\/v2\/pages\/586\/revisions\/602"}],"wp:attachment":[{"href":"https:\/\/fefig.org.br\/culturando\/wp-json\/wp\/v2\/media?parent=586"}],"curies":[{"name":"wp","href":"https:\/\/api.w.org\/{rel}","templated":true}]}}